{"id":576,"date":"2024-03-18T10:47:35","date_gmt":"2024-03-18T09:47:35","guid":{"rendered":"https:\/\/fcmonswiller.fr\/?page_id=576"},"modified":"2025-09-29T09:43:10","modified_gmt":"2025-09-29T07:43:10","slug":"football-animation-filles","status":"publish","type":"page","link":"https:\/\/fcmonswiller.fr\/?page_id=576","title":{"rendered":"Foot Animation F"},"content":{"rendered":"\n<p class=\"has-very-light-gray-to-cyan-bluish-gray-gradient-background has-background\"><strong>Responsables de la section Jeunes :<\/strong><br>A\u00efna RAJAOBELISON : T\u00e9l : 07 86 84 42 95 \/ Mail : <a href=\"mailto:sectionjeunes@fcmonswiller.fr\">sectionjeunes@fcmonswiller.fr<\/a>&nbsp;<br>Julie JOST : T\u00e9l : 06 14 91 31 81 \/ Mail : <a href=\"mailto:jj7.jost@gmail.com\">jj7.jost@gmail.com<\/a>&nbsp;<\/p>\n\n\n\n<p>Le foot animation permet l&rsquo;apprentissage du football pour les enfants \u00e2g\u00e9s de 5 ans (U6F) \u00e0 10 ans (U11F).<br>Pour la saison 2025\/2026, voici la composition des \u00e9quipes d&rsquo;encadrements pour chaque cat\u00e9gorie et les horaires d&rsquo;entra\u00eenement :<\/p>\n\n\n\n<p class=\"has-black-color has-pale-ocean-gradient-background has-text-color has-background has-link-color wp-elements-9ca48110b85848dd514fc8e0949e6210\" style=\"font-size:14px\"><strong>U7 F :<\/strong> Voir Foot Animation Cat\u00e9gorie U7<\/p>\n\n\n\n<p class=\"has-ast-global-color-2-color has-pale-ocean-gradient-background has-text-color has-background has-link-color wp-elements-a95b941a2c33df3eca47f707308d47d0\"><strong>U9 F :<\/strong> Voir Foot Animation Cat\u00e9gorie U9<\/p>\n\n\n\n<p class=\"has-black-color has-pale-ocean-gradient-background has-text-color has-background has-link-color wp-elements-63cf0f32df96fa73d562f8613dea0304\"><strong>U11 F :<\/strong><br>Ana\u00eblle ROTH (responsable) : T\u00e9l : 07 85 04 46 25 \/ anaelleroth08@icloud.com<br>Julie JOST<br>Entra\u00eenement les lundis et mercredis de 17h45 \u00e0 19h15<br><strong>Reprise des entra\u00eenements le lundi 18 ao\u00fbt \u00e0 17h45<\/strong><\/p>\n\n\n\n<figure class=\"wp-block-gallery has-nested-images columns-default is-cropped wp-block-gallery-1 is-layout-flex wp-block-gallery-is-layout-flex\">\n<figure class=\"wp-block-image size-large\"><a href=\"https:\/\/fcmonswiller.fr\/wp-content\/uploads\/2025\/09\/2526_U11F_5-1.jpg\" target=\"_blank\" rel=\" noreferrer noopener\"><img loading=\"lazy\" decoding=\"async\" width=\"1024\" height=\"768\" data-id=\"1266\" src=\"https:\/\/fcmonswiller.fr\/wp-content\/uploads\/2025\/09\/2526_U11F_5-1-1024x768.jpg\" alt=\"\" class=\"wp-image-1266\" srcset=\"https:\/\/fcmonswiller.fr\/wp-content\/uploads\/2025\/09\/2526_U11F_5-1-1024x768.jpg 1024w, https:\/\/fcmonswiller.fr\/wp-content\/uploads\/2025\/09\/2526_U11F_5-1-300x225.jpg 300w, https:\/\/fcmonswiller.fr\/wp-content\/uploads\/2025\/09\/2526_U11F_5-1-768x576.jpg 768w, https:\/\/fcmonswiller.fr\/wp-content\/uploads\/2025\/09\/2526_U11F_5-1-1536x1152.jpg 1536w, https:\/\/fcmonswiller.fr\/wp-content\/uploads\/2025\/09\/2526_U11F_5-1.jpg 1600w\" sizes=\"auto, (max-width: 1024px) 100vw, 1024px\" \/><\/a><figcaption class=\"wp-element-caption\">U11F \u2013 Saison 2025\/2026<\/figcaption><\/figure>\n\n\n\n<figure class=\"wp-block-image size-large\"><a href=\"https:\/\/fcmonswiller.fr\/wp-content\/uploads\/2025\/09\/2526_U11F_1-1-scaled.jpg\" target=\"_blank\" rel=\" noreferrer noopener\"><img loading=\"lazy\" decoding=\"async\" width=\"1024\" height=\"989\" data-id=\"1247\" src=\"https:\/\/fcmonswiller.fr\/wp-content\/uploads\/2025\/09\/2526_U11F_1-1-1024x989.jpg\" alt=\"\" class=\"wp-image-1247\" srcset=\"https:\/\/fcmonswiller.fr\/wp-content\/uploads\/2025\/09\/2526_U11F_1-1-1024x989.jpg 1024w, https:\/\/fcmonswiller.fr\/wp-content\/uploads\/2025\/09\/2526_U11F_1-1-300x290.jpg 300w, https:\/\/fcmonswiller.fr\/wp-content\/uploads\/2025\/09\/2526_U11F_1-1-768x742.jpg 768w, https:\/\/fcmonswiller.fr\/wp-content\/uploads\/2025\/09\/2526_U11F_1-1-1536x1483.jpg 1536w, https:\/\/fcmonswiller.fr\/wp-content\/uploads\/2025\/09\/2526_U11F_1-1-2048x1977.jpg 2048w\" sizes=\"auto, (max-width: 1024px) 100vw, 1024px\" \/><\/a><figcaption class=\"wp-element-caption\">U11F \u2013 Saison 2025\/2026<\/figcaption><\/figure>\n\n\n\n<figure class=\"wp-block-image size-large\"><a href=\"https:\/\/fcmonswiller.fr\/wp-content\/uploads\/2025\/09\/2526_U11F_2.jpg\" target=\"_blank\" rel=\" noreferrer noopener\"><img loading=\"lazy\" decoding=\"async\" width=\"768\" height=\"1024\" data-id=\"1244\" src=\"https:\/\/fcmonswiller.fr\/wp-content\/uploads\/2025\/09\/2526_U11F_2-768x1024.jpg\" alt=\"\" class=\"wp-image-1244\" srcset=\"https:\/\/fcmonswiller.fr\/wp-content\/uploads\/2025\/09\/2526_U11F_2-768x1024.jpg 768w, https:\/\/fcmonswiller.fr\/wp-content\/uploads\/2025\/09\/2526_U11F_2-225x300.jpg 225w, https:\/\/fcmonswiller.fr\/wp-content\/uploads\/2025\/09\/2526_U11F_2-1152x1536.jpg 1152w, https:\/\/fcmonswiller.fr\/wp-content\/uploads\/2025\/09\/2526_U11F_2.jpg 1500w\" sizes=\"auto, (max-width: 768px) 100vw, 768px\" \/><\/a><figcaption class=\"wp-element-caption\">U11F \u2013 Saison 2025\/2026<\/figcaption><\/figure>\n\n\n\n<figure class=\"wp-block-image size-large\"><a href=\"https:\/\/fcmonswiller.fr\/wp-content\/uploads\/2025\/09\/2526_U11F_3-scaled.jpg\" target=\"_blank\" rel=\" noreferrer noopener\"><img loading=\"lazy\" decoding=\"async\" width=\"1024\" height=\"1019\" data-id=\"1245\" src=\"https:\/\/fcmonswiller.fr\/wp-content\/uploads\/2025\/09\/2526_U11F_3-1024x1019.jpg\" alt=\"\" class=\"wp-image-1245\" srcset=\"https:\/\/fcmonswiller.fr\/wp-content\/uploads\/2025\/09\/2526_U11F_3-1024x1019.jpg 1024w, https:\/\/fcmonswiller.fr\/wp-content\/uploads\/2025\/09\/2526_U11F_3-300x300.jpg 300w, https:\/\/fcmonswiller.fr\/wp-content\/uploads\/2025\/09\/2526_U11F_3-150x150.jpg 150w, https:\/\/fcmonswiller.fr\/wp-content\/uploads\/2025\/09\/2526_U11F_3-768x765.jpg 768w, https:\/\/fcmonswiller.fr\/wp-content\/uploads\/2025\/09\/2526_U11F_3-1536x1529.jpg 1536w, https:\/\/fcmonswiller.fr\/wp-content\/uploads\/2025\/09\/2526_U11F_3-2048x2039.jpg 2048w\" sizes=\"auto, (max-width: 1024px) 100vw, 1024px\" \/><\/a><figcaption class=\"wp-element-caption\">U11F \u2013 Saison 2025\/2026<\/figcaption><\/figure>\n<\/figure>\n\n\n\n<p><br><br><br><br>Saison 2024\/2025 :<br><\/p>\n\n\n\n<figure class=\"wp-block-gallery has-nested-images columns-default is-cropped wp-block-gallery-2 is-layout-flex wp-block-gallery-is-layout-flex\">\n<figure class=\"wp-block-image size-large\"><a href=\"https:\/\/fcmonswiller.fr\/wp-content\/uploads\/2024\/10\/U9F.jpg\"><img loading=\"lazy\" decoding=\"async\" width=\"1024\" height=\"766\" data-id=\"895\" src=\"https:\/\/fcmonswiller.fr\/wp-content\/uploads\/2024\/10\/U9F-1024x766.jpg\" alt=\"\" class=\"wp-image-895\" srcset=\"https:\/\/fcmonswiller.fr\/wp-content\/uploads\/2024\/10\/U9F-1024x766.jpg 1024w, https:\/\/fcmonswiller.fr\/wp-content\/uploads\/2024\/10\/U9F-300x224.jpg 300w, https:\/\/fcmonswiller.fr\/wp-content\/uploads\/2024\/10\/U9F-768x575.jpg 768w, https:\/\/fcmonswiller.fr\/wp-content\/uploads\/2024\/10\/U9F-1536x1149.jpg 1536w, https:\/\/fcmonswiller.fr\/wp-content\/uploads\/2024\/10\/U9F.jpg 1600w\" sizes=\"auto, (max-width: 1024px) 100vw, 1024px\" \/><\/a><figcaption class=\"wp-element-caption\">U9F &#8211; Saison 2024\/2025<\/figcaption><\/figure>\n\n\n\n<figure class=\"wp-block-image size-large\"><a href=\"https:\/\/fcmonswiller.fr\/wp-content\/uploads\/2024\/10\/U11F-2.jpg\"><img loading=\"lazy\" decoding=\"async\" width=\"720\" height=\"540\" data-id=\"893\" src=\"https:\/\/fcmonswiller.fr\/wp-content\/uploads\/2024\/10\/U11F-2.jpg\" alt=\"\" class=\"wp-image-893\" srcset=\"https:\/\/fcmonswiller.fr\/wp-content\/uploads\/2024\/10\/U11F-2.jpg 720w, https:\/\/fcmonswiller.fr\/wp-content\/uploads\/2024\/10\/U11F-2-300x225.jpg 300w\" sizes=\"auto, (max-width: 720px) 100vw, 720px\" \/><\/a><figcaption class=\"wp-element-caption\">U11F &#8211; Saison 2024\/2025<\/figcaption><\/figure>\n\n\n\n<figure class=\"wp-block-image size-large\"><a href=\"https:\/\/fcmonswiller.fr\/wp-content\/uploads\/2024\/10\/U11F.jpg\"><img loading=\"lazy\" decoding=\"async\" width=\"1024\" height=\"768\" data-id=\"894\" src=\"https:\/\/fcmonswiller.fr\/wp-content\/uploads\/2024\/10\/U11F-1024x768.jpg\" alt=\"\" class=\"wp-image-894\" srcset=\"https:\/\/fcmonswiller.fr\/wp-content\/uploads\/2024\/10\/U11F-1024x768.jpg 1024w, https:\/\/fcmonswiller.fr\/wp-content\/uploads\/2024\/10\/U11F-300x225.jpg 300w, https:\/\/fcmonswiller.fr\/wp-content\/uploads\/2024\/10\/U11F-768x576.jpg 768w, https:\/\/fcmonswiller.fr\/wp-content\/uploads\/2024\/10\/U11F-1536x1152.jpg 1536w, https:\/\/fcmonswiller.fr\/wp-content\/uploads\/2024\/10\/U11F.jpg 2016w\" sizes=\"auto, (max-width: 1024px) 100vw, 1024px\" \/><\/a><figcaption class=\"wp-element-caption\">U11F &#8211; Saison 2024\/2025<\/figcaption><\/figure>\n<\/figure>\n","protected":false},"excerpt":{"rendered":"<p>Responsables de la section Jeunes :A\u00efna RAJAOBELISON : T\u00e9l : 07 86 84 42 95 \/ Mail : sectionjeunes@fcmonswiller.fr&nbsp;Julie JOST : T\u00e9l : 06 14 91 31 81 \/ Mail : jj7.jost@gmail.com&nbsp; Le foot animation permet l&rsquo;apprentissage du football pour les enfants \u00e2g\u00e9s de 5 ans (U6F) \u00e0 10 ans (U11F).Pour la saison 2025\/2026, voici [&hellip;]<\/p>\n","protected":false},"author":1,"featured_media":0,"parent":0,"menu_order":0,"comment_status":"closed","ping_status":"closed","template":"","meta":{"site-sidebar-layout":"default","site-content-layout":"","ast-site-content-layout":"","site-content-style":"default","site-sidebar-style":"default","ast-global-header-display":"","ast-banner-title-visibility":"","ast-main-header-display":"","ast-hfb-above-header-display":"","ast-hfb-below-header-display":"","ast-hfb-mobile-header-display":"","site-post-title":"","ast-breadcrumbs-content":"","ast-featured-img":"","footer-sml-layout":"","theme-transparent-header-meta":"","adv-header-id-meta":"","stick-header-meta":"","header-above-stick-meta":"","header-main-stick-meta":"","header-below-stick-meta":"","astra-migrate-meta-layouts":"default","ast-page-background-enabled":"default","ast-page-background-meta":{"desktop":{"background-color":"var(--ast-global-color-4)","background-image":"","background-repeat":"repeat","background-position":"center center","background-size":"auto","background-attachment":"scroll","background-type":"","background-media":"","overlay-type":"","overlay-color":"","overlay-opacity":"","overlay-gradient":""},"tablet":{"background-color":"","background-image":"","background-repeat":"repeat","background-position":"center center","background-size":"auto","background-attachment":"scroll","background-type":"","background-media":"","overlay-type":"","overlay-color":"","overlay-opacity":"","overlay-gradient":""},"mobile":{"background-color":"","background-image":"","background-repeat":"repeat","background-position":"center center","background-size":"auto","background-attachment":"scroll","background-type":"","background-media":"","overlay-type":"","overlay-color":"","overlay-opacity":"","overlay-gradient":""}},"ast-content-background-meta":{"desktop":{"background-color":"var(--ast-global-color-5)","background-image":"","background-repeat":"repeat","background-position":"center center","background-size":"auto","background-attachment":"scroll","background-type":"","background-media":"","overlay-type":"","overlay-color":"","overlay-opacity":"","overlay-gradient":""},"tablet":{"background-color":"var(--ast-global-color-5)","background-image":"","background-repeat":"repeat","background-position":"center center","background-size":"auto","background-attachment":"scroll","background-type":"","background-media":"","overlay-type":"","overlay-color":"","overlay-opacity":"","overlay-gradient":""},"mobile":{"background-color":"var(--ast-global-color-5)","background-image":"","background-repeat":"repeat","background-position":"center center","background-size":"auto","background-attachment":"scroll","background-type":"","background-media":"","overlay-type":"","overlay-color":"","overlay-opacity":"","overlay-gradient":""}},"footnotes":""},"class_list":["post-576","page","type-page","status-publish","hentry"],"_links":{"self":[{"href":"https:\/\/fcmonswiller.fr\/index.php?rest_route=\/wp\/v2\/pages\/576","targetHints":{"allow":["GET"]}}],"collection":[{"href":"https:\/\/fcmonswiller.fr\/index.php?rest_route=\/wp\/v2\/pages"}],"about":[{"href":"https:\/\/fcmonswiller.fr\/index.php?rest_route=\/wp\/v2\/types\/page"}],"author":[{"embeddable":true,"href":"https:\/\/fcmonswiller.fr\/index.php?rest_route=\/wp\/v2\/users\/1"}],"replies":[{"embeddable":true,"href":"https:\/\/fcmonswiller.fr\/index.php?rest_route=%2Fwp%2Fv2%2Fcomments&post=576"}],"version-history":[{"count":22,"href":"https:\/\/fcmonswiller.fr\/index.php?rest_route=\/wp\/v2\/pages\/576\/revisions"}],"predecessor-version":[{"id":1267,"href":"https:\/\/fcmonswiller.fr\/index.php?rest_route=\/wp\/v2\/pages\/576\/revisions\/1267"}],"wp:attachment":[{"href":"https:\/\/fcmonswiller.fr\/index.php?rest_route=%2Fwp%2Fv2%2Fmedia&parent=576"}],"curies":[{"name":"wp","href":"https:\/\/api.w.org\/{rel}","templated":true}]}}

<p class="has-very-light-gray-to-cyan-bluish-gray-gradient-background has-background"><strong>Responsables de la section Jeunes :</strong><br>Aïna RAJAOBELISON : Tél : 07 86 84 42 95 / Mail : <a href="mailto:sectionjeunes@fcmonswiller.fr">sectionjeunes@fcmonswiller.fr</a>&nbsp;<br>Julie JOST : Tél : 06 14 91 31 81 / Mail : <a href="mailto:jj7.jost@gmail.com">jj7.jost@gmail.com</a>&nbsp;</p>



<p>Le foot animation permet l&rsquo;apprentissage du football pour les enfants âgés de 5 ans (U6F) à 10 ans (U11F).<br>Pour la saison 2025/2026, voici la composition des équipes d&rsquo;encadrements pour chaque catégorie et les horaires d&rsquo;entraînement :</p>



<p class="has-black-color has-pale-ocean-gradient-background has-text-color has-background has-link-color wp-elements-9ca48110b85848dd514fc8e0949e6210" style="font-size:14px"><strong>U7 F :</strong> Voir Foot Animation Catégorie U7</p>



<p class="has-ast-global-color-2-color has-pale-ocean-gradient-background has-text-color has-background has-link-color wp-elements-a95b941a2c33df3eca47f707308d47d0"><strong>U9 F :</strong> Voir Foot Animation Catégorie U9</p>



<p class="has-black-color has-pale-ocean-gradient-background has-text-color has-background has-link-color wp-elements-63cf0f32df96fa73d562f8613dea0304"><strong>U11 F :</strong><br>Anaëlle ROTH (responsable) : Tél : 07 85 04 46 25 / anaelleroth08@icloud.com<br>Julie JOST<br>Entraînement les lundis et mercredis de 17h45 à 19h15<br><strong>Reprise des entraînements le lundi 18 août à 17h45</strong></p>



<figure class="wp-block-gallery has-nested-images columns-default is-cropped wp-block-gallery-1 is-layout-flex wp-block-gallery-is-layout-flex">
<figure class="wp-block-image size-large"><a href="https://fcmonswiller.fr/wp-content/uploads/2025/09/2526_U11F_5-1.jpg" target="_blank" rel=" noreferrer noopener"><img loading="lazy" decoding="async" width="1024" height="768" data-id="1266" src="https://fcmonswiller.fr/wp-content/uploads/2025/09/2526_U11F_5-1-1024x768.jpg" alt="" class="wp-image-1266" srcset="https://fcmonswiller.fr/wp-content/uploads/2025/09/2526_U11F_5-1-1024x768.jpg 1024w, https://fcmonswiller.fr/wp-content/uploads/2025/09/2526_U11F_5-1-300x225.jpg 300w, https://fcmonswiller.fr/wp-content/uploads/2025/09/2526_U11F_5-1-768x576.jpg 768w, https://fcmonswiller.fr/wp-content/uploads/2025/09/2526_U11F_5-1-1536x1152.jpg 1536w, https://fcmonswiller.fr/wp-content/uploads/2025/09/2526_U11F_5-1.jpg 1600w" sizes="auto, (max-width: 1024px) 100vw, 1024px" /></a><figcaption class="wp-element-caption">U11F – Saison 2025/2026</figcaption></figure>



<figure class="wp-block-image size-large"><a href="https://fcmonswiller.fr/wp-content/uploads/2025/09/2526_U11F_1-1-scaled.jpg" target="_blank" rel=" noreferrer noopener"><img loading="lazy" decoding="async" width="1024" height="989" data-id="1247" src="https://fcmonswiller.fr/wp-content/uploads/2025/09/2526_U11F_1-1-1024x989.jpg" alt="" class="wp-image-1247" srcset="https://fcmonswiller.fr/wp-content/uploads/2025/09/2526_U11F_1-1-1024x989.jpg 1024w, https://fcmonswiller.fr/wp-content/uploads/2025/09/2526_U11F_1-1-300x290.jpg 300w, https://fcmonswiller.fr/wp-content/uploads/2025/09/2526_U11F_1-1-768x742.jpg 768w, https://fcmonswiller.fr/wp-content/uploads/2025/09/2526_U11F_1-1-1536x1483.jpg 1536w, https://fcmonswiller.fr/wp-content/uploads/2025/09/2526_U11F_1-1-2048x1977.jpg 2048w" sizes="auto, (max-width: 1024px) 100vw, 1024px" /></a><figcaption class="wp-element-caption">U11F – Saison 2025/2026</figcaption></figure>



<figure class="wp-block-image size-large"><a href="https://fcmonswiller.fr/wp-content/uploads/2025/09/2526_U11F_2.jpg" target="_blank" rel=" noreferrer noopener"><img loading="lazy" decoding="async" width="768" height="1024" data-id="1244" src="https://fcmonswiller.fr/wp-content/uploads/2025/09/2526_U11F_2-768x1024.jpg" alt="" class="wp-image-1244" srcset="https://fcmonswiller.fr/wp-content/uploads/2025/09/2526_U11F_2-768x1024.jpg 768w, https://fcmonswiller.fr/wp-content/uploads/2025/09/2526_U11F_2-225x300.jpg 225w, https://fcmonswiller.fr/wp-content/uploads/2025/09/2526_U11F_2-1152x1536.jpg 1152w, https://fcmonswiller.fr/wp-content/uploads/2025/09/2526_U11F_2.jpg 1500w" sizes="auto, (max-width: 768px) 100vw, 768px" /></a><figcaption class="wp-element-caption">U11F – Saison 2025/2026</figcaption></figure>



<figure class="wp-block-image size-large"><a href="https://fcmonswiller.fr/wp-content/uploads/2025/09/2526_U11F_3-scaled.jpg" target="_blank" rel=" noreferrer noopener"><img loading="lazy" decoding="async" width="1024" height="1019" data-id="1245" src="https://fcmonswiller.fr/wp-content/uploads/2025/09/2526_U11F_3-1024x1019.jpg" alt="" class="wp-image-1245" srcset="https://fcmonswiller.fr/wp-content/uploads/2025/09/2526_U11F_3-1024x1019.jpg 1024w, https://fcmonswiller.fr/wp-content/uploads/2025/09/2526_U11F_3-300x300.jpg 300w, https://fcmonswiller.fr/wp-content/uploads/2025/09/2526_U11F_3-150x150.jpg 150w, https://fcmonswiller.fr/wp-content/uploads/2025/09/2526_U11F_3-768x765.jpg 768w, https://fcmonswiller.fr/wp-content/uploads/2025/09/2526_U11F_3-1536x1529.jpg 1536w, https://fcmonswiller.fr/wp-content/uploads/2025/09/2526_U11F_3-2048x2039.jpg 2048w" sizes="auto, (max-width: 1024px) 100vw, 1024px" /></a><figcaption class="wp-element-caption">U11F – Saison 2025/2026</figcaption></figure>
</figure>



<p><br><br><br><br>Saison 2024/2025 :<br></p>



<figure class="wp-block-gallery has-nested-images columns-default is-cropped wp-block-gallery-2 is-layout-flex wp-block-gallery-is-layout-flex">
<figure class="wp-block-image size-large"><a href="https://fcmonswiller.fr/wp-content/uploads/2024/10/U9F.jpg"><img loading="lazy" decoding="async" width="1024" height="766" data-id="895" src="https://fcmonswiller.fr/wp-content/uploads/2024/10/U9F-1024x766.jpg" alt="" class="wp-image-895" srcset="https://fcmonswiller.fr/wp-content/uploads/2024/10/U9F-1024x766.jpg 1024w, https://fcmonswiller.fr/wp-content/uploads/2024/10/U9F-300x224.jpg 300w, https://fcmonswiller.fr/wp-content/uploads/2024/10/U9F-768x575.jpg 768w, https://fcmonswiller.fr/wp-content/uploads/2024/10/U9F-1536x1149.jpg 1536w, https://fcmonswiller.fr/wp-content/uploads/2024/10/U9F.jpg 1600w" sizes="auto, (max-width: 1024px) 100vw, 1024px" /></a><figcaption class="wp-element-caption">U9F &#8211; Saison 2024/2025</figcaption></figure>



<figure class="wp-block-image size-large"><a href="https://fcmonswiller.fr/wp-content/uploads/2024/10/U11F-2.jpg"><img loading="lazy" decoding="async" width="720" height="540" data-id="893" src="https://fcmonswiller.fr/wp-content/uploads/2024/10/U11F-2.jpg" alt="" class="wp-image-893" srcset="https://fcmonswiller.fr/wp-content/uploads/2024/10/U11F-2.jpg 720w, https://fcmonswiller.fr/wp-content/uploads/2024/10/U11F-2-300x225.jpg 300w" sizes="auto, (max-width: 720px) 100vw, 720px" /></a><figcaption class="wp-element-caption">U11F &#8211; Saison 2024/2025</figcaption></figure>



<figure class="wp-block-image size-large"><a href="https://fcmonswiller.fr/wp-content/uploads/2024/10/U11F.jpg"><img loading="lazy" decoding="async" width="1024" height="768" data-id="894" src="https://fcmonswiller.fr/wp-content/uploads/2024/10/U11F-1024x768.jpg" alt="" class="wp-image-894" srcset="https://fcmonswiller.fr/wp-content/uploads/2024/10/U11F-1024x768.jpg 1024w, https://fcmonswiller.fr/wp-content/uploads/2024/10/U11F-300x225.jpg 300w, https://fcmonswiller.fr/wp-content/uploads/2024/10/U11F-768x576.jpg 768w, https://fcmonswiller.fr/wp-content/uploads/2024/10/U11F-1536x1152.jpg 1536w, https://fcmonswiller.fr/wp-content/uploads/2024/10/U11F.jpg 2016w" sizes="auto, (max-width: 1024px) 100vw, 1024px" /></a><figcaption class="wp-element-caption">U11F &#8211; Saison 2024/2025</figcaption></figure>
</figure>

<p>Responsables de la section Jeunes :Aïna RAJAOBELISON : Tél : 07 86 84 42 95 / Mail : sectionjeunes@fcmonswiller.fr&nbsp;Julie JOST : Tél : 06 14 91 31 81 / Mail : jj7.jost@gmail.com&nbsp; Le foot animation permet l&rsquo;apprentissage du football pour les enfants âgés de 5 ans (U6F) à 10 ans (U11F).Pour la saison 2025/2026, voici [&hellip;]</p>
