{"id":585,"date":"2024-03-18T10:51:14","date_gmt":"2024-03-18T09:51:14","guid":{"rendered":"https:\/\/fcmonswiller.fr\/?page_id=585"},"modified":"2025-12-18T17:50:40","modified_gmt":"2025-12-18T16:50:40","slug":"des-u13-aux-u18-garcons","status":"publish","type":"page","link":"https:\/\/fcmonswiller.fr\/?page_id=585","title":{"rendered":"Des U13 aux U18"},"content":{"rendered":"\n<p class=\"has-very-light-gray-to-cyan-bluish-gray-gradient-background has-background\"><strong>Responsables de la section Jeunes :<\/strong><br>A\u00efna RAJAOBELISON : T\u00e9l : 07 86 84 42 95 \/ Mail : <a href=\"mailto:sectionjeunes@fcmonswiller.fr\">sectionjeunes@fcmonswiller.fr<\/a>&nbsp;<br>Julie JOST : T\u00e9l : 06 14 91 31 81 \/ Mail : <a href=\"mailto:jj7.jost@gmail.com\">jj7.jost@gmail.com<\/a>&nbsp;<\/p>\n\n\n\n<p>La section foot gar\u00e7ons \u00e9tant en reconstruction, nous proposons \u00e0 l&rsquo;heure actuelle uniquement la cat\u00e9gorie U13, et \u00e9ventuellement la cat\u00e9gorie U15 si l&rsquo;effectif est suffisant. Une \u00e9quipe U18 est en cours de formation !<br>Pour la saison 2025\/2026, voici la composition des \u00e9quipes d&rsquo;encadrements pour chaque cat\u00e9gorie et les horaires d&rsquo;entra\u00eenement :<\/p>\n\n\n\n<p class=\"has-black-color has-pale-ocean-gradient-background has-text-color has-background has-link-color\" style=\"font-size:14px\"><strong>U13 :<\/strong><br>U13 :<br>Olivier THOMAS (responsable U12\/U13) : T\u00e9l : 06 43 22 49 12 \/ Mail : singristois67@hotmail.fr<br>Matthieu : T\u00e9l : 06 72 04 71 04<br>U12 :<br>Cyril CASEZ : T\u00e9l : 06 66 78 51 29<br>Cihan AKCAN<br>Entra\u00eenement les lundis et jeudis<br><strong><a href=\"https:\/\/docs.google.com\/spreadsheets\/d\/1o3Yk8VnUkjduyzx9Dzma1hySVzHOrus4MnSKdvnqLwM\/edit?gid=1428449073#gid=1428449073\" target=\"_blank\" rel=\"noreferrer noopener\">Programme de reprise &#8211; Cliquez ici !<\/a><\/strong><\/p>\n\n\n\n<p class=\"has-black-color has-pale-ocean-gradient-background has-text-color has-background has-link-color\" style=\"font-size:14px\"><strong>U15 :<\/strong><br>Pas d&rsquo;\u00e9quipe cette saison.<\/p>\n\n\n\n<p class=\"has-black-color has-pale-ocean-gradient-background has-text-color has-background has-link-color\" style=\"font-size:14px\"><strong>U18 :<\/strong><br>Pas d&rsquo;\u00e9quipe cette saison.<\/p>\n\n\n\n<figure class=\"wp-block-gallery has-nested-images columns-default is-cropped wp-block-gallery-1 is-layout-flex wp-block-gallery-is-layout-flex\">\n<figure class=\"wp-block-image size-large\"><a href=\"https:\/\/fcmonswiller.fr\/wp-content\/uploads\/2025\/10\/2526_U13_1_2.jpg\" target=\"_blank\" rel=\" noreferrer noopener\"><img loading=\"lazy\" decoding=\"async\" width=\"1024\" height=\"651\" src=\"https:\/\/fcmonswiller.fr\/wp-content\/uploads\/2025\/10\/2526_U13_1_2-1024x651.jpg\" alt=\"\" class=\"wp-image-1269\" srcset=\"https:\/\/fcmonswiller.fr\/wp-content\/uploads\/2025\/10\/2526_U13_1_2-1024x651.jpg 1024w, https:\/\/fcmonswiller.fr\/wp-content\/uploads\/2025\/10\/2526_U13_1_2-300x191.jpg 300w, https:\/\/fcmonswiller.fr\/wp-content\/uploads\/2025\/10\/2526_U13_1_2-768x488.jpg 768w, https:\/\/fcmonswiller.fr\/wp-content\/uploads\/2025\/10\/2526_U13_1_2.jpg 1347w\" sizes=\"auto, (max-width: 1024px) 100vw, 1024px\" \/><\/a><figcaption class=\"wp-element-caption\">U13 1 &#8211; Saison 2025\/2026<\/figcaption><\/figure>\n\n\n\n<figure class=\"wp-block-image size-large\"><a href=\"https:\/\/fcmonswiller.fr\/wp-content\/uploads\/2025\/10\/2526_U13_1.jpg\" target=\"_blank\" rel=\" noreferrer noopener\"><img loading=\"lazy\" decoding=\"async\" width=\"1024\" height=\"768\" src=\"https:\/\/fcmonswiller.fr\/wp-content\/uploads\/2025\/10\/2526_U13_1-1024x768.jpg\" alt=\"\" class=\"wp-image-1268\" srcset=\"https:\/\/fcmonswiller.fr\/wp-content\/uploads\/2025\/10\/2526_U13_1-1024x768.jpg 1024w, https:\/\/fcmonswiller.fr\/wp-content\/uploads\/2025\/10\/2526_U13_1-300x225.jpg 300w, https:\/\/fcmonswiller.fr\/wp-content\/uploads\/2025\/10\/2526_U13_1-768x576.jpg 768w, https:\/\/fcmonswiller.fr\/wp-content\/uploads\/2025\/10\/2526_U13_1-1536x1152.jpg 1536w, https:\/\/fcmonswiller.fr\/wp-content\/uploads\/2025\/10\/2526_U13_1.jpg 2040w\" sizes=\"auto, (max-width: 1024px) 100vw, 1024px\" \/><\/a><figcaption class=\"wp-element-caption\">U13 1 &#8211; Saison 2025\/2026<\/figcaption><\/figure>\n\n\n\n<figure class=\"wp-block-image size-large\"><a href=\"https:\/\/fcmonswiller.fr\/wp-content\/uploads\/2025\/09\/2526_U13_2.jpg\" target=\"_blank\" rel=\" noreferrer noopener\"><img loading=\"lazy\" decoding=\"async\" width=\"768\" height=\"616\" src=\"https:\/\/fcmonswiller.fr\/wp-content\/uploads\/2025\/09\/2526_U13_2.jpg\" alt=\"\" class=\"wp-image-1216\" srcset=\"https:\/\/fcmonswiller.fr\/wp-content\/uploads\/2025\/09\/2526_U13_2.jpg 768w, https:\/\/fcmonswiller.fr\/wp-content\/uploads\/2025\/09\/2526_U13_2-300x241.jpg 300w\" sizes=\"auto, (max-width: 768px) 100vw, 768px\" \/><\/a><figcaption class=\"wp-element-caption\">U13 2 &#8211; Saison 2025\/2026<\/figcaption><\/figure>\n\n\n\n<figure class=\"wp-block-image size-large\"><a href=\"https:\/\/fcmonswiller.fr\/wp-content\/uploads\/2025\/09\/2526_U13_2_1.jpg\" target=\"_blank\" rel=\" noreferrer noopener\"><img loading=\"lazy\" decoding=\"async\" width=\"1017\" height=\"692\" src=\"https:\/\/fcmonswiller.fr\/wp-content\/uploads\/2025\/09\/2526_U13_2_1.jpg\" alt=\"\" class=\"wp-image-1217\" srcset=\"https:\/\/fcmonswiller.fr\/wp-content\/uploads\/2025\/09\/2526_U13_2_1.jpg 1017w, https:\/\/fcmonswiller.fr\/wp-content\/uploads\/2025\/09\/2526_U13_2_1-300x204.jpg 300w, https:\/\/fcmonswiller.fr\/wp-content\/uploads\/2025\/09\/2526_U13_2_1-768x523.jpg 768w\" sizes=\"auto, (max-width: 1017px) 100vw, 1017px\" \/><\/a><figcaption class=\"wp-element-caption\">U13 2 &#8211; Saison 2025\/2026<\/figcaption><\/figure>\n<\/figure>\n\n\n\n<p><br><br><br><br>Pour la saison 2024\/2025, voici la composition des \u00e9quipes d&rsquo;encadrements pour chaque cat\u00e9gorie et les horaires d&rsquo;entra\u00eenement :<\/p>\n\n\n\n<p class=\"has-black-color has-pale-ocean-gradient-background has-text-color has-background has-link-color\" style=\"font-size:14px\"><em><strong>U13 :<\/strong><br>Corentin LONGCHAMPS (responsable) : T\u00e9l : 07 71 20 02 06 \/ Mail : coco.2002longchamp@gmail.com<br>Entra\u00eenement les mercredis et vendredis de 18h \u00e0 19h30<\/em><\/p>\n\n\n\n<figure class=\"wp-block-gallery has-nested-images columns-default is-cropped wp-block-gallery-2 is-layout-flex wp-block-gallery-is-layout-flex\">\n<figure class=\"wp-block-image aligncenter size-large\"><a href=\"https:\/\/fcmonswiller.fr\/wp-content\/uploads\/2024\/10\/U13M.jpg\"><img loading=\"lazy\" decoding=\"async\" width=\"1024\" height=\"768\" src=\"https:\/\/fcmonswiller.fr\/wp-content\/uploads\/2024\/10\/U13M-1024x768.jpg\" alt=\"\" class=\"wp-image-872\" srcset=\"https:\/\/fcmonswiller.fr\/wp-content\/uploads\/2024\/10\/U13M-1024x768.jpg 1024w, https:\/\/fcmonswiller.fr\/wp-content\/uploads\/2024\/10\/U13M-300x225.jpg 300w, https:\/\/fcmonswiller.fr\/wp-content\/uploads\/2024\/10\/U13M-768x576.jpg 768w, https:\/\/fcmonswiller.fr\/wp-content\/uploads\/2024\/10\/U13M.jpg 1483w\" sizes=\"auto, (max-width: 1024px) 100vw, 1024px\" \/><\/a><figcaption class=\"wp-element-caption\">U13 &#8211; Saison 2024\/2025<\/figcaption><\/figure>\n<\/figure>\n","protected":false},"excerpt":{"rendered":"<p>Responsables de la section Jeunes :A\u00efna RAJAOBELISON : T\u00e9l : 07 86 84 42 95 \/ Mail : sectionjeunes@fcmonswiller.fr&nbsp;Julie JOST : T\u00e9l : 06 14 91 31 81 \/ Mail : jj7.jost@gmail.com&nbsp; La section foot gar\u00e7ons \u00e9tant en reconstruction, nous proposons \u00e0 l&rsquo;heure actuelle uniquement la cat\u00e9gorie U13, et \u00e9ventuellement la cat\u00e9gorie U15 si l&rsquo;effectif [&hellip;]<\/p>\n","protected":false},"author":1,"featured_media":0,"parent":0,"menu_order":0,"comment_status":"closed","ping_status":"closed","template":"","meta":{"site-sidebar-layout":"default","site-content-layout":"","ast-site-content-layout":"","site-content-style":"default","site-sidebar-style":"default","ast-global-header-display":"","ast-banner-title-visibility":"","ast-main-header-display":"","ast-hfb-above-header-display":"","ast-hfb-below-header-display":"","ast-hfb-mobile-header-display":"","site-post-title":"","ast-breadcrumbs-content":"","ast-featured-img":"","footer-sml-layout":"","theme-transparent-header-meta":"","adv-header-id-meta":"","stick-header-meta":"","header-above-stick-meta":"","header-main-stick-meta":"","header-below-stick-meta":"","astra-migrate-meta-layouts":"default","ast-page-background-enabled":"default","ast-page-background-meta":{"desktop":{"background-color":"var(--ast-global-color-4)","background-image":"","background-repeat":"repeat","background-position":"center center","background-size":"auto","background-attachment":"scroll","background-type":"","background-media":"","overlay-type":"","overlay-color":"","overlay-opacity":"","overlay-gradient":""},"tablet":{"background-color":"","background-image":"","background-repeat":"repeat","background-position":"center center","background-size":"auto","background-attachment":"scroll","background-type":"","background-media":"","overlay-type":"","overlay-color":"","overlay-opacity":"","overlay-gradient":""},"mobile":{"background-color":"","background-image":"","background-repeat":"repeat","background-position":"center center","background-size":"auto","background-attachment":"scroll","background-type":"","background-media":"","overlay-type":"","overlay-color":"","overlay-opacity":"","overlay-gradient":""}},"ast-content-background-meta":{"desktop":{"background-color":"var(--ast-global-color-5)","background-image":"","background-repeat":"repeat","background-position":"center center","background-size":"auto","background-attachment":"scroll","background-type":"","background-media":"","overlay-type":"","overlay-color":"","overlay-opacity":"","overlay-gradient":""},"tablet":{"background-color":"var(--ast-global-color-5)","background-image":"","background-repeat":"repeat","background-position":"center center","background-size":"auto","background-attachment":"scroll","background-type":"","background-media":"","overlay-type":"","overlay-color":"","overlay-opacity":"","overlay-gradient":""},"mobile":{"background-color":"var(--ast-global-color-5)","background-image":"","background-repeat":"repeat","background-position":"center center","background-size":"auto","background-attachment":"scroll","background-type":"","background-media":"","overlay-type":"","overlay-color":"","overlay-opacity":"","overlay-gradient":""}},"footnotes":""},"class_list":["post-585","page","type-page","status-publish","hentry"],"_links":{"self":[{"href":"https:\/\/fcmonswiller.fr\/index.php?rest_route=\/wp\/v2\/pages\/585","targetHints":{"allow":["GET"]}}],"collection":[{"href":"https:\/\/fcmonswiller.fr\/index.php?rest_route=\/wp\/v2\/pages"}],"about":[{"href":"https:\/\/fcmonswiller.fr\/index.php?rest_route=\/wp\/v2\/types\/page"}],"author":[{"embeddable":true,"href":"https:\/\/fcmonswiller.fr\/index.php?rest_route=\/wp\/v2\/users\/1"}],"replies":[{"embeddable":true,"href":"https:\/\/fcmonswiller.fr\/index.php?rest_route=%2Fwp%2Fv2%2Fcomments&post=585"}],"version-history":[{"count":23,"href":"https:\/\/fcmonswiller.fr\/index.php?rest_route=\/wp\/v2\/pages\/585\/revisions"}],"predecessor-version":[{"id":1287,"href":"https:\/\/fcmonswiller.fr\/index.php?rest_route=\/wp\/v2\/pages\/585\/revisions\/1287"}],"wp:attachment":[{"href":"https:\/\/fcmonswiller.fr\/index.php?rest_route=%2Fwp%2Fv2%2Fmedia&parent=585"}],"curies":[{"name":"wp","href":"https:\/\/api.w.org\/{rel}","templated":true}]}}

<p class="has-very-light-gray-to-cyan-bluish-gray-gradient-background has-background"><strong>Responsables de la section Jeunes :</strong><br>Aïna RAJAOBELISON : Tél : 07 86 84 42 95 / Mail : <a href="mailto:sectionjeunes@fcmonswiller.fr">sectionjeunes@fcmonswiller.fr</a>&nbsp;<br>Julie JOST : Tél : 06 14 91 31 81 / Mail : <a href="mailto:jj7.jost@gmail.com">jj7.jost@gmail.com</a>&nbsp;</p>



<p>La section foot garçons étant en reconstruction, nous proposons à l&rsquo;heure actuelle uniquement la catégorie U13, et éventuellement la catégorie U15 si l&rsquo;effectif est suffisant. Une équipe U18 est en cours de formation !<br>Pour la saison 2025/2026, voici la composition des équipes d&rsquo;encadrements pour chaque catégorie et les horaires d&rsquo;entraînement :</p>



<p class="has-black-color has-pale-ocean-gradient-background has-text-color has-background has-link-color" style="font-size:14px"><strong>U13 :</strong><br>U13 :<br>Olivier THOMAS (responsable U12/U13) : Tél : 06 43 22 49 12 / Mail : singristois67@hotmail.fr<br>Matthieu : Tél : 06 72 04 71 04<br>U12 :<br>Cyril CASEZ : Tél : 06 66 78 51 29<br>Cihan AKCAN<br>Entraînement les lundis et jeudis<br><strong><a href="https://docs.google.com/spreadsheets/d/1o3Yk8VnUkjduyzx9Dzma1hySVzHOrus4MnSKdvnqLwM/edit?gid=1428449073#gid=1428449073" target="_blank" rel="noreferrer noopener">Programme de reprise &#8211; Cliquez ici !</a></strong></p>



<p class="has-black-color has-pale-ocean-gradient-background has-text-color has-background has-link-color" style="font-size:14px"><strong>U15 :</strong><br>Pas d&rsquo;équipe cette saison.</p>



<p class="has-black-color has-pale-ocean-gradient-background has-text-color has-background has-link-color" style="font-size:14px"><strong>U18 :</strong><br>Pas d&rsquo;équipe cette saison.</p>



<figure class="wp-block-gallery has-nested-images columns-default is-cropped wp-block-gallery-1 is-layout-flex wp-block-gallery-is-layout-flex">
<figure class="wp-block-image size-large"><a href="https://fcmonswiller.fr/wp-content/uploads/2025/10/2526_U13_1_2.jpg" target="_blank" rel=" noreferrer noopener"><img loading="lazy" decoding="async" width="1024" height="651" src="https://fcmonswiller.fr/wp-content/uploads/2025/10/2526_U13_1_2-1024x651.jpg" alt="" class="wp-image-1269" srcset="https://fcmonswiller.fr/wp-content/uploads/2025/10/2526_U13_1_2-1024x651.jpg 1024w, https://fcmonswiller.fr/wp-content/uploads/2025/10/2526_U13_1_2-300x191.jpg 300w, https://fcmonswiller.fr/wp-content/uploads/2025/10/2526_U13_1_2-768x488.jpg 768w, https://fcmonswiller.fr/wp-content/uploads/2025/10/2526_U13_1_2.jpg 1347w" sizes="auto, (max-width: 1024px) 100vw, 1024px" /></a><figcaption class="wp-element-caption">U13 1 &#8211; Saison 2025/2026</figcaption></figure>



<figure class="wp-block-image size-large"><a href="https://fcmonswiller.fr/wp-content/uploads/2025/10/2526_U13_1.jpg" target="_blank" rel=" noreferrer noopener"><img loading="lazy" decoding="async" width="1024" height="768" src="https://fcmonswiller.fr/wp-content/uploads/2025/10/2526_U13_1-1024x768.jpg" alt="" class="wp-image-1268" srcset="https://fcmonswiller.fr/wp-content/uploads/2025/10/2526_U13_1-1024x768.jpg 1024w, https://fcmonswiller.fr/wp-content/uploads/2025/10/2526_U13_1-300x225.jpg 300w, https://fcmonswiller.fr/wp-content/uploads/2025/10/2526_U13_1-768x576.jpg 768w, https://fcmonswiller.fr/wp-content/uploads/2025/10/2526_U13_1-1536x1152.jpg 1536w, https://fcmonswiller.fr/wp-content/uploads/2025/10/2526_U13_1.jpg 2040w" sizes="auto, (max-width: 1024px) 100vw, 1024px" /></a><figcaption class="wp-element-caption">U13 1 &#8211; Saison 2025/2026</figcaption></figure>



<figure class="wp-block-image size-large"><a href="https://fcmonswiller.fr/wp-content/uploads/2025/09/2526_U13_2.jpg" target="_blank" rel=" noreferrer noopener"><img loading="lazy" decoding="async" width="768" height="616" src="https://fcmonswiller.fr/wp-content/uploads/2025/09/2526_U13_2.jpg" alt="" class="wp-image-1216" srcset="https://fcmonswiller.fr/wp-content/uploads/2025/09/2526_U13_2.jpg 768w, https://fcmonswiller.fr/wp-content/uploads/2025/09/2526_U13_2-300x241.jpg 300w" sizes="auto, (max-width: 768px) 100vw, 768px" /></a><figcaption class="wp-element-caption">U13 2 &#8211; Saison 2025/2026</figcaption></figure>



<figure class="wp-block-image size-large"><a href="https://fcmonswiller.fr/wp-content/uploads/2025/09/2526_U13_2_1.jpg" target="_blank" rel=" noreferrer noopener"><img loading="lazy" decoding="async" width="1017" height="692" src="https://fcmonswiller.fr/wp-content/uploads/2025/09/2526_U13_2_1.jpg" alt="" class="wp-image-1217" srcset="https://fcmonswiller.fr/wp-content/uploads/2025/09/2526_U13_2_1.jpg 1017w, https://fcmonswiller.fr/wp-content/uploads/2025/09/2526_U13_2_1-300x204.jpg 300w, https://fcmonswiller.fr/wp-content/uploads/2025/09/2526_U13_2_1-768x523.jpg 768w" sizes="auto, (max-width: 1017px) 100vw, 1017px" /></a><figcaption class="wp-element-caption">U13 2 &#8211; Saison 2025/2026</figcaption></figure>
</figure>



<p><br><br><br><br>Pour la saison 2024/2025, voici la composition des équipes d&rsquo;encadrements pour chaque catégorie et les horaires d&rsquo;entraînement :</p>



<p class="has-black-color has-pale-ocean-gradient-background has-text-color has-background has-link-color" style="font-size:14px"><em><strong>U13 :</strong><br>Corentin LONGCHAMPS (responsable) : Tél : 07 71 20 02 06 / Mail : coco.2002longchamp@gmail.com<br>Entraînement les mercredis et vendredis de 18h à 19h30</em></p>



<figure class="wp-block-gallery has-nested-images columns-default is-cropped wp-block-gallery-2 is-layout-flex wp-block-gallery-is-layout-flex">
<figure class="wp-block-image aligncenter size-large"><a href="https://fcmonswiller.fr/wp-content/uploads/2024/10/U13M.jpg"><img loading="lazy" decoding="async" width="1024" height="768" src="https://fcmonswiller.fr/wp-content/uploads/2024/10/U13M-1024x768.jpg" alt="" class="wp-image-872" srcset="https://fcmonswiller.fr/wp-content/uploads/2024/10/U13M-1024x768.jpg 1024w, https://fcmonswiller.fr/wp-content/uploads/2024/10/U13M-300x225.jpg 300w, https://fcmonswiller.fr/wp-content/uploads/2024/10/U13M-768x576.jpg 768w, https://fcmonswiller.fr/wp-content/uploads/2024/10/U13M.jpg 1483w" sizes="auto, (max-width: 1024px) 100vw, 1024px" /></a><figcaption class="wp-element-caption">U13 &#8211; Saison 2024/2025</figcaption></figure>
</figure>

<p>Responsables de la section Jeunes :Aïna RAJAOBELISON : Tél : 07 86 84 42 95 / Mail : sectionjeunes@fcmonswiller.fr&nbsp;Julie JOST : Tél : 06 14 91 31 81 / Mail : jj7.jost@gmail.com&nbsp; La section foot garçons étant en reconstruction, nous proposons à l&rsquo;heure actuelle uniquement la catégorie U13, et éventuellement la catégorie U15 si l&rsquo;effectif [&hellip;]</p>
