{"id":587,"date":"2024-03-18T10:51:46","date_gmt":"2024-03-18T09:51:46","guid":{"rendered":"https:\/\/fcmonswiller.fr\/?page_id=587"},"modified":"2025-09-27T17:06:42","modified_gmt":"2025-09-27T15:06:42","slug":"des-u13-au-u18-filles","status":"publish","type":"page","link":"https:\/\/fcmonswiller.fr\/?page_id=587","title":{"rendered":"Des U13F au U18F"},"content":{"rendered":"\n<p class=\"has-very-light-gray-to-cyan-bluish-gray-gradient-background has-background\"><strong>Responsables de la section Jeunes :<\/strong><br>A\u00efna RAJAOBELISON : T\u00e9l : 07 86 84 42 95 \/ Mail : <a href=\"mailto:sectionjeunes@fcmonswiller.fr\">sectionjeunes@fcmonswiller.fr<\/a>&nbsp;<br>Julie JOST : T\u00e9l : 06 14 91 31 81 \/ Mail : <a href=\"mailto:jj7.jost@gmail.com\">jj7.jost@gmail.com<\/a>&nbsp;<\/p>\n\n\n\n<p>Pour la saison 2025\/2026, voici la composition des \u00e9quipes d&rsquo;encadrements pour chaque cat\u00e9gorie et les horaires d&rsquo;entra\u00eenement :<\/p>\n\n\n\n<p class=\"has-black-color has-pale-ocean-gradient-background has-text-color has-background has-link-color wp-elements-534b7e7115889269091814062572290c\" style=\"font-size:14px\"><strong>U13 F :<\/strong><br>Nicolas RUDLOFF (responsable) : T\u00e9l : 06 25 60 73 88 \/ Mail : nicolasrudloff.67490@gmail.com<br>Herv\u00e9 MAUKE : T\u00e9l : 06 89 90 88 13 \/ Mail : mauke.herve@gmail.com<br>Entra\u00eenement les lundis et mercredis de 18h \u00e0 19h30<br><strong>Reprise des entra\u00eenements le<\/strong><\/p>\n\n\n\n<p class=\"has-ast-global-color-2-color has-pale-ocean-gradient-background has-text-color has-background has-link-color wp-elements-0528e4d856c6fad90a8a59345afcbe13\"><strong>U15 F :<\/strong><br>C\u00e9dric WISS (responsable) : T\u00e9l : 06 08 96 40 83 \/ Mail : cedric.w.cw67@gmail.com<br>Entra\u00eenement les lundis et mercredis de 18h \u00e0 19h30<br><strong>Reprise des entra\u00eenements le mercredi 6 ao\u00fbt \u00e0 18h<\/strong><\/p>\n\n\n\n<p class=\"has-black-color has-pale-ocean-gradient-background has-text-color has-background has-link-color wp-elements-4dd1850798b3a67dcd88579d7ee52bb1\"><strong>U18 F :<\/strong><br>No\u00e9mie DECOOL (responsable) : T\u00e9l : 06 46 53 32 29 \/ Mail : mimidecool@antoine<br>Jonathan MULLER (dirigeant) : T\u00e9l : 06 72 02 53 87<br>Entra\u00eenement les mercredis de 18h \u00e0 19h30 et les vendredis de 18h \u00e0 19h30<br><strong>Reprise des entra\u00eenements le 28 juillet 2025<\/strong><\/p>\n\n\n\n<figure class=\"wp-block-gallery has-nested-images columns-default is-cropped wp-block-gallery-1 is-layout-flex wp-block-gallery-is-layout-flex\">\n<figure class=\"wp-block-image size-large\"><a href=\"https:\/\/fcmonswiller.fr\/wp-content\/uploads\/2025\/09\/2526_U13F_2.jpg\" target=\"_blank\" rel=\" noreferrer noopener\"><img loading=\"lazy\" decoding=\"async\" width=\"1024\" height=\"758\" data-id=\"1252\" src=\"https:\/\/fcmonswiller.fr\/wp-content\/uploads\/2025\/09\/2526_U13F_2-1024x758.jpg\" alt=\"\" class=\"wp-image-1252\" srcset=\"https:\/\/fcmonswiller.fr\/wp-content\/uploads\/2025\/09\/2526_U13F_2-1024x758.jpg 1024w, https:\/\/fcmonswiller.fr\/wp-content\/uploads\/2025\/09\/2526_U13F_2-300x222.jpg 300w, https:\/\/fcmonswiller.fr\/wp-content\/uploads\/2025\/09\/2526_U13F_2-768x568.jpg 768w, https:\/\/fcmonswiller.fr\/wp-content\/uploads\/2025\/09\/2526_U13F_2-1536x1136.jpg 1536w, https:\/\/fcmonswiller.fr\/wp-content\/uploads\/2025\/09\/2526_U13F_2.jpg 1610w\" sizes=\"auto, (max-width: 1024px) 100vw, 1024px\" \/><\/a><figcaption class=\"wp-element-caption\">U13F &#8211; Saison 2025\/2026<\/figcaption><\/figure>\n\n\n\n<figure class=\"wp-block-image size-large\"><a href=\"https:\/\/fcmonswiller.fr\/wp-content\/uploads\/2025\/09\/2526_U13F_1.jpg\" target=\"_blank\" rel=\" noreferrer noopener\"><img loading=\"lazy\" decoding=\"async\" width=\"1024\" height=\"992\" data-id=\"1253\" src=\"https:\/\/fcmonswiller.fr\/wp-content\/uploads\/2025\/09\/2526_U13F_1-1024x992.jpg\" alt=\"\" class=\"wp-image-1253\" srcset=\"https:\/\/fcmonswiller.fr\/wp-content\/uploads\/2025\/09\/2526_U13F_1-1024x992.jpg 1024w, https:\/\/fcmonswiller.fr\/wp-content\/uploads\/2025\/09\/2526_U13F_1-300x291.jpg 300w, https:\/\/fcmonswiller.fr\/wp-content\/uploads\/2025\/09\/2526_U13F_1-768x744.jpg 768w, https:\/\/fcmonswiller.fr\/wp-content\/uploads\/2025\/09\/2526_U13F_1.jpg 1536w\" sizes=\"auto, (max-width: 1024px) 100vw, 1024px\" \/><\/a><figcaption class=\"wp-element-caption\">U13F &#8211; Saison 2025\/2026<\/figcaption><\/figure>\n\n\n\n<figure class=\"wp-block-image size-large\"><a href=\"https:\/\/fcmonswiller.fr\/wp-content\/uploads\/2025\/09\/2526_U15F_1.jpg\" target=\"_blank\" rel=\" noreferrer noopener\"><img loading=\"lazy\" decoding=\"async\" width=\"1024\" height=\"768\" data-id=\"1254\" src=\"https:\/\/fcmonswiller.fr\/wp-content\/uploads\/2025\/09\/2526_U15F_1-1024x768.jpg\" alt=\"\" class=\"wp-image-1254\" srcset=\"https:\/\/fcmonswiller.fr\/wp-content\/uploads\/2025\/09\/2526_U15F_1-1024x768.jpg 1024w, https:\/\/fcmonswiller.fr\/wp-content\/uploads\/2025\/09\/2526_U15F_1-300x225.jpg 300w, https:\/\/fcmonswiller.fr\/wp-content\/uploads\/2025\/09\/2526_U15F_1-768x576.jpg 768w, https:\/\/fcmonswiller.fr\/wp-content\/uploads\/2025\/09\/2526_U15F_1-1536x1152.jpg 1536w, https:\/\/fcmonswiller.fr\/wp-content\/uploads\/2025\/09\/2526_U15F_1.jpg 1600w\" sizes=\"auto, (max-width: 1024px) 100vw, 1024px\" \/><\/a><figcaption class=\"wp-element-caption\">U15F &#8211; Saison 2025\/2026<\/figcaption><\/figure>\n\n\n\n<figure class=\"wp-block-image size-large\"><a href=\"https:\/\/fcmonswiller.fr\/wp-content\/uploads\/2025\/09\/2526_U18_F_1-1024x768.jpg\" target=\"_blank\" rel=\" noreferrer noopener\"><img loading=\"lazy\" decoding=\"async\" width=\"1024\" height=\"768\" data-id=\"1211\" src=\"https:\/\/fcmonswiller.fr\/wp-content\/uploads\/2025\/09\/2526_U18_F_1-1024x768.jpg\" alt=\"\" class=\"wp-image-1211\" srcset=\"https:\/\/fcmonswiller.fr\/wp-content\/uploads\/2025\/09\/2526_U18_F_1-1024x768.jpg 1024w, https:\/\/fcmonswiller.fr\/wp-content\/uploads\/2025\/09\/2526_U18_F_1-300x225.jpg 300w, https:\/\/fcmonswiller.fr\/wp-content\/uploads\/2025\/09\/2526_U18_F_1-768x576.jpg 768w, https:\/\/fcmonswiller.fr\/wp-content\/uploads\/2025\/09\/2526_U18_F_1-1536x1152.jpg 1536w, https:\/\/fcmonswiller.fr\/wp-content\/uploads\/2025\/09\/2526_U18_F_1.jpg 1600w\" sizes=\"auto, (max-width: 1024px) 100vw, 1024px\" \/><\/a><figcaption class=\"wp-element-caption\">U18F &#8211; Saison 2025\/2026<\/figcaption><\/figure>\n\n\n\n<figure class=\"wp-block-image size-large\"><a href=\"https:\/\/fcmonswiller.fr\/wp-content\/uploads\/2025\/09\/2526_U18_F_2.jpg\" target=\"_blank\" rel=\" noreferrer noopener\"><img loading=\"lazy\" decoding=\"async\" width=\"1024\" height=\"768\" data-id=\"1212\" src=\"https:\/\/fcmonswiller.fr\/wp-content\/uploads\/2025\/09\/2526_U18_F_2-1024x768.jpg\" alt=\"\" class=\"wp-image-1212\" srcset=\"https:\/\/fcmonswiller.fr\/wp-content\/uploads\/2025\/09\/2526_U18_F_2-1024x768.jpg 1024w, https:\/\/fcmonswiller.fr\/wp-content\/uploads\/2025\/09\/2526_U18_F_2-300x225.jpg 300w, https:\/\/fcmonswiller.fr\/wp-content\/uploads\/2025\/09\/2526_U18_F_2-768x576.jpg 768w, https:\/\/fcmonswiller.fr\/wp-content\/uploads\/2025\/09\/2526_U18_F_2-1536x1152.jpg 1536w, https:\/\/fcmonswiller.fr\/wp-content\/uploads\/2025\/09\/2526_U18_F_2.jpg 1600w\" sizes=\"auto, (max-width: 1024px) 100vw, 1024px\" \/><\/a><figcaption class=\"wp-element-caption\">U18F &#8211; Saison 2025\/2026<\/figcaption><\/figure>\n<\/figure>\n\n\n\n<p><br><br><br><br><br>Pour la saison 2024\/2025, voici la composition des \u00e9quipes d&rsquo;encadrements pour chaque cat\u00e9gorie et les horaires d&rsquo;entra\u00eenement :<\/p>\n\n\n\n<p class=\"has-black-color has-pale-ocean-gradient-background has-text-color has-background has-link-color wp-elements-6a5822ea193293fe5aaa30d71c2419fd\" style=\"font-size:14px\"><strong>U13 F :<\/strong><br>No\u00e9mie DECOOL (responsable) : T\u00e9l : 06 46 53 32 29 \/ Mail : mimidecool@gmail.com<br>L\u00e9onie DEBES ( dirigeante)<br>Entra\u00eenement les lundis et mercredis de 18h \u00e0 19h30<\/p>\n\n\n\n<p class=\"has-pale-ocean-gradient-background has-background\"><strong>U15 F :<\/strong><br>Micka\u00ebl DORSCHNER (responsable) : T\u00e9l : 06 47 97 15 60 \/ Mail : mickael.dorschner@gmail.com<br>Jonathan MULLER (dirigeant) : T\u00e9l : 06 72 02 53 87 \/ Mail : jonathan.muller@ecmeca.fr<br>Entra\u00eenement les lundis et mercredis de 18h \u00e0 19h30<br><strong>Reprise des entra\u00eenements le lundi 5 ao\u00fbt 2024 \u00e0 18h<\/strong><\/p>\n\n\n\n<p class=\"has-black-color has-pale-ocean-gradient-background has-text-color has-background has-link-color wp-elements-e9088d79aa695a921c3d472563166365\"><strong>U18 F :<\/strong><br>Damien WITTERSHEIM (responsable) : T\u00e9l : 06 19 30 69 94 \/ Mail : damien.wittersheim@sfr.fr<br>Entra\u00eenement les lundis de 18h45 \u00e0 20h15 et les mercredis de 18h \u00e0 19h30<br><strong>Reprise des entra\u00eenements le lundi 29 juillet 2024 \u00e0 18h<\/strong><\/p>\n\n\n\n<figure class=\"wp-block-gallery has-nested-images columns-default is-cropped wp-block-gallery-2 is-layout-flex wp-block-gallery-is-layout-flex\">\n<figure class=\"wp-block-image size-large\"><a href=\"https:\/\/fcmonswiller.fr\/wp-content\/uploads\/2024\/10\/U13F.jpg\"><img loading=\"lazy\" decoding=\"async\" width=\"1024\" height=\"767\" data-id=\"877\" src=\"https:\/\/fcmonswiller.fr\/wp-content\/uploads\/2024\/10\/U13F-1024x767.jpg\" alt=\"\" class=\"wp-image-877\" srcset=\"https:\/\/fcmonswiller.fr\/wp-content\/uploads\/2024\/10\/U13F-1024x767.jpg 1024w, https:\/\/fcmonswiller.fr\/wp-content\/uploads\/2024\/10\/U13F-300x225.jpg 300w, https:\/\/fcmonswiller.fr\/wp-content\/uploads\/2024\/10\/U13F-768x576.jpg 768w, https:\/\/fcmonswiller.fr\/wp-content\/uploads\/2024\/10\/U13F-1536x1151.jpg 1536w, https:\/\/fcmonswiller.fr\/wp-content\/uploads\/2024\/10\/U13F.jpg 1600w\" sizes=\"auto, (max-width: 1024px) 100vw, 1024px\" \/><\/a><figcaption class=\"wp-element-caption\">U13F &#8211; Saison 2024\/2025<\/figcaption><\/figure>\n\n\n\n<figure class=\"wp-block-image size-large\"><a href=\"https:\/\/fcmonswiller.fr\/wp-content\/uploads\/2024\/10\/U15F-photo-1.jpg\"><img loading=\"lazy\" decoding=\"async\" width=\"1024\" height=\"768\" data-id=\"878\" src=\"https:\/\/fcmonswiller.fr\/wp-content\/uploads\/2024\/10\/U15F-photo-1-1024x768.jpg\" alt=\"\" class=\"wp-image-878\" srcset=\"https:\/\/fcmonswiller.fr\/wp-content\/uploads\/2024\/10\/U15F-photo-1-1024x768.jpg 1024w, https:\/\/fcmonswiller.fr\/wp-content\/uploads\/2024\/10\/U15F-photo-1-300x225.jpg 300w, https:\/\/fcmonswiller.fr\/wp-content\/uploads\/2024\/10\/U15F-photo-1-768x576.jpg 768w, https:\/\/fcmonswiller.fr\/wp-content\/uploads\/2024\/10\/U15F-photo-1-1536x1152.jpg 1536w, https:\/\/fcmonswiller.fr\/wp-content\/uploads\/2024\/10\/U15F-photo-1.jpg 2048w\" sizes=\"auto, (max-width: 1024px) 100vw, 1024px\" \/><\/a><figcaption class=\"wp-element-caption\">U15F &#8211; Saison 2024\/2025<\/figcaption><\/figure>\n\n\n\n<figure class=\"wp-block-image size-large\"><a href=\"https:\/\/fcmonswiller.fr\/wp-content\/uploads\/2024\/10\/U18F.jpg\"><img loading=\"lazy\" decoding=\"async\" width=\"1024\" height=\"713\" data-id=\"879\" src=\"https:\/\/fcmonswiller.fr\/wp-content\/uploads\/2024\/10\/U18F.jpg\" alt=\"\" class=\"wp-image-879\" srcset=\"https:\/\/fcmonswiller.fr\/wp-content\/uploads\/2024\/10\/U18F.jpg 1024w, https:\/\/fcmonswiller.fr\/wp-content\/uploads\/2024\/10\/U18F-300x209.jpg 300w, https:\/\/fcmonswiller.fr\/wp-content\/uploads\/2024\/10\/U18F-768x535.jpg 768w\" sizes=\"auto, (max-width: 1024px) 100vw, 1024px\" \/><\/a><figcaption class=\"wp-element-caption\">U18F &#8211; Saison 2024\/2025<\/figcaption><\/figure>\n<\/figure>\n","protected":false},"excerpt":{"rendered":"<p>Responsables de la section Jeunes :A\u00efna RAJAOBELISON : T\u00e9l : 07 86 84 42 95 \/ Mail : sectionjeunes@fcmonswiller.fr&nbsp;Julie JOST : T\u00e9l : 06 14 91 31 81 \/ Mail : jj7.jost@gmail.com&nbsp; Pour la saison 2025\/2026, voici la composition des \u00e9quipes d&rsquo;encadrements pour chaque cat\u00e9gorie et les horaires d&rsquo;entra\u00eenement : U13 F :Nicolas RUDLOFF (responsable) [&hellip;]<\/p>\n","protected":false},"author":1,"featured_media":0,"parent":0,"menu_order":0,"comment_status":"closed","ping_status":"closed","template":"","meta":{"site-sidebar-layout":"default","site-content-layout":"","ast-site-content-layout":"","site-content-style":"default","site-sidebar-style":"default","ast-global-header-display":"","ast-banner-title-visibility":"","ast-main-header-display":"","ast-hfb-above-header-display":"","ast-hfb-below-header-display":"","ast-hfb-mobile-header-display":"","site-post-title":"","ast-breadcrumbs-content":"","ast-featured-img":"","footer-sml-layout":"","theme-transparent-header-meta":"","adv-header-id-meta":"","stick-header-meta":"","header-above-stick-meta":"","header-main-stick-meta":"","header-below-stick-meta":"","astra-migrate-meta-layouts":"default","ast-page-background-enabled":"default","ast-page-background-meta":{"desktop":{"background-color":"var(--ast-global-color-4)","background-image":"","background-repeat":"repeat","background-position":"center center","background-size":"auto","background-attachment":"scroll","background-type":"","background-media":"","overlay-type":"","overlay-color":"","overlay-opacity":"","overlay-gradient":""},"tablet":{"background-color":"","background-image":"","background-repeat":"repeat","background-position":"center center","background-size":"auto","background-attachment":"scroll","background-type":"","background-media":"","overlay-type":"","overlay-color":"","overlay-opacity":"","overlay-gradient":""},"mobile":{"background-color":"","background-image":"","background-repeat":"repeat","background-position":"center center","background-size":"auto","background-attachment":"scroll","background-type":"","background-media":"","overlay-type":"","overlay-color":"","overlay-opacity":"","overlay-gradient":""}},"ast-content-background-meta":{"desktop":{"background-color":"var(--ast-global-color-5)","background-image":"","background-repeat":"repeat","background-position":"center center","background-size":"auto","background-attachment":"scroll","background-type":"","background-media":"","overlay-type":"","overlay-color":"","overlay-opacity":"","overlay-gradient":""},"tablet":{"background-color":"var(--ast-global-color-5)","background-image":"","background-repeat":"repeat","background-position":"center center","background-size":"auto","background-attachment":"scroll","background-type":"","background-media":"","overlay-type":"","overlay-color":"","overlay-opacity":"","overlay-gradient":""},"mobile":{"background-color":"var(--ast-global-color-5)","background-image":"","background-repeat":"repeat","background-position":"center center","background-size":"auto","background-attachment":"scroll","background-type":"","background-media":"","overlay-type":"","overlay-color":"","overlay-opacity":"","overlay-gradient":""}},"footnotes":""},"class_list":["post-587","page","type-page","status-publish","hentry"],"_links":{"self":[{"href":"https:\/\/fcmonswiller.fr\/index.php?rest_route=\/wp\/v2\/pages\/587","targetHints":{"allow":["GET"]}}],"collection":[{"href":"https:\/\/fcmonswiller.fr\/index.php?rest_route=\/wp\/v2\/pages"}],"about":[{"href":"https:\/\/fcmonswiller.fr\/index.php?rest_route=\/wp\/v2\/types\/page"}],"author":[{"embeddable":true,"href":"https:\/\/fcmonswiller.fr\/index.php?rest_route=\/wp\/v2\/users\/1"}],"replies":[{"embeddable":true,"href":"https:\/\/fcmonswiller.fr\/index.php?rest_route=%2Fwp%2Fv2%2Fcomments&post=587"}],"version-history":[{"count":34,"href":"https:\/\/fcmonswiller.fr\/index.php?rest_route=\/wp\/v2\/pages\/587\/revisions"}],"predecessor-version":[{"id":1256,"href":"https:\/\/fcmonswiller.fr\/index.php?rest_route=\/wp\/v2\/pages\/587\/revisions\/1256"}],"wp:attachment":[{"href":"https:\/\/fcmonswiller.fr\/index.php?rest_route=%2Fwp%2Fv2%2Fmedia&parent=587"}],"curies":[{"name":"wp","href":"https:\/\/api.w.org\/{rel}","templated":true}]}}